{"id":71,"date":"2012-04-12T13:20:53","date_gmt":"2012-04-12T13:20:53","guid":{"rendered":"http:\/\/localhost\/ellelui\/?page_id=71"},"modified":"2012-04-12T13:20:53","modified_gmt":"2012-04-12T13:20:53","slug":"comment-ca-se-passe","status":"publish","type":"page","link":"https:\/\/ellelui.ch\/?page_id=71","title":{"rendered":"Comment \u00e7a se passe"},"content":{"rendered":"<h2>Comment \u00e7a se passe ?<\/h2>\n<p>Le repas. Chaque soir\u00e9e commence par                          un d\u00eener aux chandelles, l\u2019occasion de passer                          du temps en t\u00eate \u00e0 t\u00eate.<\/p>\n<p>L\u2019expos\u00e9. Un sujet pratique est trait\u00e9,                          soit gr\u00e2ce \u00e0 une vid\u00e9o, soit par                          le couple organisateur.<\/p>\n<p>Le caf\u00e9,\u00a0et\u00a0le temps de discussion. Suite \u00e0                          l\u2019expos\u00e9, un exercice de mise en pratique est                          propos\u00e9 dans un fascicule, ce qui vous am\u00e8ne                          \u00e0 en discuter en couple. Tout est fait, y compris                          un fonds musical, pour assurer la confidentialit\u00e9.                          Le caf\u00e9 et le dessert vous sont servis.<\/p>\n<p>Des exercices \u00e0 faire chez soi. Afin de vous                          aider \u00e0 continuer la discussion chez vous, des                          exercices vous sont propos\u00e9s \u00e0 la fin                          de chaque soir\u00e9e. Rassurez-vous : personne ne                          v\u00e9rifiera votre travail !<\/p>\n","protected":false},"excerpt":{"rendered":"<p>Comment \u00e7a se passe ? Le repas. Chaque soir\u00e9e commence par un d\u00eener aux chandelles, l\u2019occasion de passer du temps en t\u00eate \u00e0 t\u00eate. L\u2019expos\u00e9. Un sujet pratique est trait\u00e9, soit gr\u00e2ce \u00e0 une vid\u00e9o, soit par le couple organisateur. &hellip; <a href=\"https:\/\/ellelui.ch\/?page_id=71\">Continue reading <span class=\"meta-nav\">&rarr;<\/span><\/a><\/p>\n","protected":false},"author":2,"featured_media":0,"parent":51,"menu_order":4,"comment_status":"closed","ping_status":"closed","template":"","meta":[],"_links":{"self":[{"href":"https:\/\/ellelui.ch\/index.php?rest_route=\/wp\/v2\/pages\/71"}],"collection":[{"href":"https:\/\/ellelui.ch\/index.php?rest_route=\/wp\/v2\/pages"}],"about":[{"href":"https:\/\/ellelui.ch\/index.php?rest_route=\/wp\/v2\/types\/page"}],"author":[{"embeddable":true,"href":"https:\/\/ellelui.ch\/index.php?rest_route=\/wp\/v2\/users\/2"}],"replies":[{"embeddable":true,"href":"https:\/\/ellelui.ch\/index.php?rest_route=%2Fwp%2Fv2%2Fcomments&post=71"}],"version-history":[{"count":0,"href":"https:\/\/ellelui.ch\/index.php?rest_route=\/wp\/v2\/pages\/71\/revisions"}],"up":[{"embeddable":true,"href":"https:\/\/ellelui.ch\/index.php?rest_route=\/wp\/v2\/pages\/51"}],"wp:attachment":[{"href":"https:\/\/ellelui.ch\/index.php?rest_route=%2Fwp%2Fv2%2Fmedia&parent=71"}],"curies":[{"name":"wp","href":"https:\/\/api.w.org\/{rel}","templated":true}]}}