{"id":51,"date":"2012-04-12T12:44:14","date_gmt":"2012-04-12T12:44:14","guid":{"rendered":"http:\/\/localhost\/ellelui\/?page_id=51"},"modified":"2019-12-07T16:48:04","modified_gmt":"2019-12-07T16:48:04","slug":"info-et-faq","status":"publish","type":"page","link":"https:\/\/ellelui.ch\/?page_id=51","title":{"rendered":"Info"},"content":{"rendered":"<p><span style=\"color: #000080;\"><strong>Les soir\u00e9es <em>Elle&amp;Lui<\/em><\/strong> <strong>s\u2019adressent aux couples mari\u00e9s qui d\u00e9sirent \u00e9tablir de solides fondements afin de construire un foyer stable pour la vie.<\/strong><\/span><\/p>\n<p><a href=\"index.php?page_id=65\">En quoi consiste-t-elles?<\/a><\/p>\n<p>Qui a con\u00e7u les soir\u00e9es Elle &amp; Lui?<\/p>\n<p>A qui s\u2019adressent-t-elles?<\/p>\n<p>Comment \u00e7a se passe?<\/p>\n<p>Sujets abord\u00e9s dans les expos\u00e9s<\/p>\n","protected":false},"excerpt":{"rendered":"<p>Les soir\u00e9es Elle&amp;Lui s\u2019adressent aux couples mari\u00e9s qui d\u00e9sirent \u00e9tablir de solides fondements afin de construire un foyer stable pour la vie. En quoi consiste-t-elles? Qui a con\u00e7u les soir\u00e9es Elle &amp; Lui? A qui s\u2019adressent-t-elles? Comment \u00e7a se passe? &hellip; <a href=\"https:\/\/ellelui.ch\/?page_id=51\">Continue reading <span class=\"meta-nav\">&rarr;<\/span><\/a><\/p>\n","protected":false},"author":2,"featured_media":0,"parent":0,"menu_order":2,"comment_status":"closed","ping_status":"closed","template":"","meta":[],"_links":{"self":[{"href":"https:\/\/ellelui.ch\/index.php?rest_route=\/wp\/v2\/pages\/51"}],"collection":[{"href":"https:\/\/ellelui.ch\/index.php?rest_route=\/wp\/v2\/pages"}],"about":[{"href":"https:\/\/ellelui.ch\/index.php?rest_route=\/wp\/v2\/types\/page"}],"author":[{"embeddable":true,"href":"https:\/\/ellelui.ch\/index.php?rest_route=\/wp\/v2\/users\/2"}],"replies":[{"embeddable":true,"href":"https:\/\/ellelui.ch\/index.php?rest_route=%2Fwp%2Fv2%2Fcomments&post=51"}],"version-history":[{"count":1,"href":"https:\/\/ellelui.ch\/index.php?rest_route=\/wp\/v2\/pages\/51\/revisions"}],"predecessor-version":[{"id":685,"href":"https:\/\/ellelui.ch\/index.php?rest_route=\/wp\/v2\/pages\/51\/revisions\/685"}],"wp:attachment":[{"href":"https:\/\/ellelui.ch\/index.php?rest_route=%2Fwp%2Fv2%2Fmedia&parent=51"}],"curies":[{"name":"wp","href":"https:\/\/api.w.org\/{rel}","templated":true}]}}