{"id":458,"date":"2015-10-12T14:52:47","date_gmt":"2015-10-12T14:52:47","guid":{"rendered":"http:\/\/www.ellelui.ch\/?page_id=458"},"modified":"2019-12-07T16:30:56","modified_gmt":"2019-12-07T16:30:56","slug":"soirees-2016","status":"publish","type":"page","link":"https:\/\/ellelui.ch\/?page_id=458","title":{"rendered":"Soir\u00e9es 2016"},"content":{"rendered":"<table style=\"width: 721.75px; height: 406px;\" border=\"0\" align=\"left\">\n<thead>\n<tr style=\"height: 61px;\" align=\"left\">\n<td style=\"height: 61px; width: 94px; text-align: left;\"><span style=\"color: #000080; font-size: 12px; font-family: helvetica, arial, sans-serif;\">Lieu<br \/>\n<\/span><\/td>\n<td style=\"height: 61px; width: 64px; text-align: left;\"><span style=\"color: #000080; font-size: 12px; font-family: helvetica, arial, sans-serif;\">Date<br \/>\n<\/span><\/td>\n<td style=\"height: 61px; width: 156px; text-align: left;\"><span style=\"color: #000080; font-size: 12px; font-family: helvetica, arial, sans-serif;\">T\u00e9l.<br \/>\n<\/span><\/td>\n<td style=\"height: 61px; width: 106px; text-align: left;\"><span style=\"color: #000080; font-size: 12px; font-family: helvetica, arial, sans-serif;\">Courriel<\/span><\/td>\n<td style=\"height: 61px; width: 133px; text-align: left;\"><span style=\"font-size: 12px; font-family: helvetica, arial, sans-serif;\"><span style=\"color: #000080;\">Prix <\/span>par couple<\/span><\/td>\n<td style=\"height: 61px; width: 134px; text-align: left;\"><span style=\"color: #000080; font-size: 12px; font-family: helvetica, arial, sans-serif;\">Jour<\/span><\/td>\n<td style=\"height: 61px; width: 10px; text-align: left;\"><span style=\"color: #000080; font-size: 12px; font-family: helvetica, arial, sans-serif;\">Infos<\/span><\/td>\n<\/tr>\n<\/thead>\n<tbody>\n<tr style=\"height: 85px;\">\n<td style=\"height: 85px; width: 94px; text-align: left;\"><span style=\"font-size: 12px; font-family: helvetica, arial, sans-serif;\">Nyon (VD)<br \/>\n<\/span><\/td>\n<td style=\"height: 85px; width: 64px; text-align: left;\"><span style=\"font-size: 12px; font-family: helvetica, arial, sans-serif;\">8 jan &#8211; 19 f\u00e9v<br \/>\n<\/span><\/td>\n<td style=\"height: 85px; width: 156px; text-align: left;\"><span style=\"font-size: 12px; font-family: helvetica, arial, sans-serif;\">079 724 49 65<br \/>\n<\/span><\/td>\n<td style=\"height: 85px; width: 106px; text-align: left;\"><span style=\"font-size: 12px; font-family: helvetica, arial, sans-serif;\"><a href=\"mailto:elle_lui@outlook.com \">mail<br \/>\n<\/a><\/span><\/td>\n<td style=\"height: 85px; width: 133px; text-align: left;\"><span style=\"font-size: 12px; font-family: helvetica, arial, sans-serif;\">440.-<br \/>\n<\/span><\/td>\n<td style=\"height: 85px; width: 134px; text-align: left;\"><span style=\"font-size: 12px; font-family: helvetica, arial, sans-serif;\">vendredi<br \/>\n<\/span><\/td>\n<td style=\"height: 85px; width: 10px; text-align: left;\"><span style=\"font-family: helvetica, arial, sans-serif; font-size: 12px;\"><a href=\"http:\/\/www.articom.ch\/index.php\/les-entreprises\/68-cafe-restaurant-l-articom\">Restaurant Articom<\/a><a href=\"http:\/\/www.articom.ch\/index.php\/les-entreprises\/68-cafe-restaurant-l-articom\">\u00e0 Nyon<\/a><\/span><\/td>\n<\/tr>\n<tr style=\"height: 85px;\">\n<td style=\"height: 85px; width: 94px; text-align: left;\"><span style=\"font-size: 12px; font-family: helvetica, arial, sans-serif;\"> Orsi\u00e8res (VS)<br \/>\n<\/span><\/td>\n<td style=\"height: 85px; width: 64px; text-align: left;\"><span style=\"font-size: 12px; font-family: helvetica, arial, sans-serif;\">11 jan &#8211; 29 fev<\/span><\/td>\n<td style=\"height: 85px; width: 156px; text-align: left;\"><span style=\"font-size: 12px; font-family: helvetica, arial, sans-serif;\">079 444 24 01<br \/>\n<\/span><\/td>\n<td style=\"height: 85px; width: 106px; text-align: left;\"><span style=\"font-size: 12px; font-family: helvetica, arial, sans-serif;\"><a href=\"mailto:casimir.gabioud@paroisse-orsieres.ch\">mail<\/a><\/span><\/td>\n<td style=\"height: 85px; width: 133px; text-align: left;\"><span style=\"font-size: 12px; font-family: helvetica, arial, sans-serif;\">350.-<\/span><\/td>\n<td style=\"height: 85px; width: 134px; text-align: left;\"><span style=\"font-size: 12px; font-family: helvetica, arial, sans-serif;\">lundi<\/span><\/td>\n<td style=\"height: 85px; width: 10px; text-align: left;\"><span style=\"font-family: helvetica, arial, sans-serif; font-size: 12px;\"><a href=\"https:\/\/www.facebook.com\/Auberge-De-La-Place-233839396696140\/timeline\/\">Auberge de la place<br \/>\n<\/a><a href=\" http:\/\/1drv.ms\/1OkVdEc\">Inscription<\/a><br \/>\n<\/span><\/td>\n<\/tr>\n<tr style=\"height: 85px;\">\n<td style=\"height: 85px; width: 94px; text-align: left;\"><span style=\"font-size: 12px; font-family: helvetica, arial, sans-serif;\">Fribourg (FR)<br \/>\n<\/span><\/td>\n<td style=\"height: 85px; width: 64px; text-align: left;\"><span style=\"font-size: 12px; font-family: helvetica, arial, sans-serif;\">4 f\u00e9v &#8211; 23 mars<br \/>\n<\/span><\/td>\n<td style=\"height: 85px; width: 156px; text-align: left;\"><span style=\"font-size: 12px; font-family: helvetica, arial, sans-serif;\">026 4263484<br \/>\n<\/span><\/td>\n<td style=\"height: 85px; width: 106px; text-align: left;\"><span style=\"font-size: 12px; font-family: helvetica, arial, sans-serif;\"><a href=\"mailto:pastoral.famille@cath-fr.ch\">mail<br \/>\n<\/a><\/span><\/td>\n<td style=\"height: 85px; width: 133px; text-align: left;\"><span style=\"font-size: 12px; font-family: helvetica, arial, sans-serif;\">60.- plus offrande<br \/>\n<\/span><\/td>\n<td style=\"height: 85px; width: 134px; text-align: left;\"><span style=\"font-size: 12px; font-family: helvetica, arial, sans-serif;\">jeudi<br \/>\n<\/span><\/td>\n<td style=\"height: 85px; width: 10px; text-align: left;\"><span style=\"font-family: helvetica, arial, sans-serif; font-size: 12px;\"><a href=\"https:\/\/www.google.com\/maps\/place\/Avenue+du+Mol%C3%A9son+21,+1700+Fribourg,+Switzerland\/@46.8080209,7.1460603,17z\/data=!4m2!3m1!1s0x478e6ecd2f85cfa7:0xd6c268989312b63?hl=en\">Au Convict Salesiamum<\/a><a href=\"http:\/\/ellelui.ch\/wp-content\/uploads\/2015\/10\/EL-Fribourg2016.pdf\"> , <\/a><a href=\"http:\/\/ellelui.ch\/wp-content\/uploads\/2015\/10\/EL-Fribourg2016.pdf\"><br \/>\nD\u00e9pliant<\/a> <\/span><\/td>\n<\/tr>\n<tr style=\"height: 101.5px;\">\n<td style=\"height: 101.5px; width: 94px; text-align: left;\"><span style=\"font-size: 12px; font-family: helvetica, arial, sans-serif;\">Echenevex(F)<\/span><\/td>\n<td style=\"height: 101.5px; width: 64px; text-align: left;\"><span style=\"font-size: 12px; font-family: helvetica, arial, sans-serif;\">11 f\u00e9vrier<br \/>\n<\/span><\/td>\n<td style=\"height: 101.5px; width: 156px; text-align: left;\"><span style=\"font-size: 12px; font-family: helvetica, arial, sans-serif;\">04.50.42.30.11<\/span><\/td>\n<td style=\"height: 101.5px; width: 106px; text-align: left;\"><span style=\"font-size: 12px; font-family: helvetica, arial, sans-serif;\"><a href=\"mailto:alphacouple.paysdegex @gmail.com\">mail<\/a><\/span><\/td>\n<td style=\"height: 101.5px; width: 133px; text-align: left;\"><span style=\"font-size: 12px; font-family: helvetica, arial, sans-serif;\">libre participation aux frais<\/span><\/td>\n<td style=\"height: 101.5px; width: 134px; text-align: left;\"><span style=\"font-size: 12px; font-family: helvetica, arial, sans-serif;\">jeudi<br \/>\n<\/span><\/td>\n<td style=\"height: 101.5px; width: 10px; text-align: left;\"><span style=\"font-size: 12px; font-family: helvetica, arial, sans-serif;\">[F\u00eate de la Saint Valentin|salle communale de la Chenaille, rte de la Chenaille, F-01170 Echenevex, de 19h \u00e0 22h] <\/span><\/td>\n<\/tr>\n<tr style=\"height: 109px;\">\n<td style=\"height: 109px; width: 94px;\"><span style=\"font-size: 12px; font-family: helvetica, arial, sans-serif;\">Arconciel (FR)<br \/>\n<\/span><\/td>\n<td style=\"height: 109px; width: 64px;\"><span style=\"font-size: 12px; font-family: helvetica, arial, sans-serif;\">13 f\u00e9vrier<br \/>\n<\/span><\/td>\n<td style=\"height: 109px; width: 156px;\"><span style=\"font-size: 12px; font-family: helvetica, arial, sans-serif;\">079 7191331<br \/>\n<\/span><\/td>\n<td style=\"height: 109px; width: 106px;\"><span style=\"font-size: 12px; font-family: helvetica, arial, sans-serif;\"><a href=\"mailto:infoelleui@gmail.com\">mail<br \/>\n<\/a><\/span><\/td>\n<td style=\"height: 109px; width: 133px;\"><span style=\"font-size: 12px; font-family: helvetica, arial, sans-serif;\">99.-<br \/>\n<\/span><\/td>\n<td style=\"height: 109px; width: 134px;\"><span style=\"font-size: 12px; font-family: helvetica, arial, sans-serif;\">samedi<br \/>\n<\/span><\/td>\n<td style=\"height: 109px; width: 10px;\"><span style=\"font-size: 12px; font-family: helvetica, arial, sans-serif;\"><a href=\"http:\/\/www.infoprod.ch\/elle-et-lui\/\">Soir\u00e9e St Valentin <\/a><a href=\"http:\/\/www.infoprod\/elle-et-lui\"><br \/>\nAuberge 3 sapins<\/a> <\/span><\/td>\n<\/tr>\n<tr style=\"height: 133px;\">\n<td style=\"height: 133px; width: 94px;\"><span style=\"font-size: 12px; font-family: helvetica, arial, sans-serif;\">Echevenex (F)<br \/>\n<\/span><\/td>\n<td style=\"height: 133px; width: 64px;\"><span style=\"font-size: 12px; font-family: helvetica, arial, sans-serif;\">10 mars &#8211; 26 mai<br \/>\n<\/span><\/td>\n<td style=\"height: 133px; width: 156px;\"><span style=\"font-size: 12px; font-family: helvetica, arial, sans-serif;\">+673 32 33 32<br \/>\n<\/span><\/td>\n<td style=\"height: 133px; width: 106px;\"><span style=\"font-size: 12px; font-family: helvetica, arial, sans-serif;\"><a href=\"mailto:alphacouple.paysdegex@gmail.com\">mail<br \/>\n<\/a><\/span><\/td>\n<td style=\"height: 133px; width: 133px;\"><span style=\"font-size: 12px; font-family: helvetica, arial, sans-serif;\">\u20ac150.-<br \/>\n<\/span><\/td>\n<td style=\"height: 133px; width: 134px;\"><span style=\"font-size: 12px; font-family: helvetica, arial, sans-serif;\">jeudi<br \/>\n<\/span><\/td>\n<td style=\"height: 133px; width: 10px;\"><span style=\"font-size: 12px; font-family: helvetica, arial, sans-serif;\">Salle communal de la Chenaille, Echnevex, France <\/span><\/td>\n<\/tr>\n<tr style=\"height: 61px;\">\n<td style=\"height: 61px; width: 94px;\"><span style=\"font-size: 12px; font-family: helvetica, arial, sans-serif;\">Cr\u00eat-B\u00e9rard (VD)<\/span><\/td>\n<td style=\"height: 61px; width: 64px;\"><span style=\"font-size: 12px; font-family: helvetica, arial, sans-serif;\">25 avril &#8211; 13 juin<\/span><\/td>\n<td style=\"height: 61px; width: 156px;\"><span style=\"font-size: 12px; font-family: helvetica, arial, sans-serif;\">021 946 03 60<\/span><\/td>\n<td style=\"height: 61px; width: 106px;\"><span style=\"font-size: 12px; font-family: helvetica, arial, sans-serif;\"><a href=\"mailto:info@cret-berard.ch\">mail<\/a><\/span><\/td>\n<td style=\"height: 61px; width: 133px;\"><span style=\"font-size: 12px; font-family: helvetica, arial, sans-serif;\">450.-<\/span><\/td>\n<td style=\"height: 61px; width: 134px;\"><span style=\"font-size: 12px; font-family: helvetica, arial, sans-serif;\">lundi<\/span><\/td>\n<td style=\"height: 61px; width: 10px;\"><span style=\"font-size: 12px; font-family: helvetica, arial, sans-serif;\"><a href=\"http:\/\/www.cretberard.ch\/\">Cr\u00eat-B\u00e9rard<\/a><\/span><\/td>\n<\/tr>\n<tr style=\"height: 301px;\">\n<td style=\"height: 301px; width: 94px;\"><span style=\"font-size: 12px; font-family: helvetica, arial, sans-serif;\">Echevenex (F) <\/span><\/td>\n<td style=\"height: 301px; width: 64px;\"><span style=\"font-size: 12px; font-family: helvetica, arial, sans-serif;\">29 sept &#8211; 24 nov<br \/>\n<\/span><\/td>\n<td style=\"height: 301px; width: 156px;\"><span style=\"font-size: 12px; font-family: helvetica, arial, sans-serif;\">673 32 33 32 <\/span><\/td>\n<td style=\"height: 301px; width: 106px;\"><span style=\"font-size: 12px; font-family: helvetica, arial, sans-serif;\"><a href=\"mailto:alphacouple.paysdegex@gmail.com\">mail<\/a><a href=\"mailto:info@cret-berard.ch\"> <\/a><\/span><\/td>\n<td style=\"height: 301px; width: 133px;\"><span style=\"font-size: 12px; font-family: helvetica, arial, sans-serif;\">\u20ac150.- <\/span><\/td>\n<td style=\"height: 301px; width: 134px;\"><span style=\"font-size: 12px; font-family: helvetica, arial, sans-serif;\">jeudi<br \/>\n<\/span><\/td>\n<td style=\"height: 301px; width: 10px;\"><span style=\"font-family: helvetica, arial, sans-serif; font-size: 12px;\">Salle communal de la Chenaille, Echnevex, France. <a href=\"http:\/\/ellelui.ch\/wp-content\/uploads\/2015\/10\/EL-F-2016-91.pdf\">Prospectus<\/a>\u00a0<\/span><\/p>\n<p><span style=\"font-size: 12px; font-family: helvetica, arial, sans-serif;\">Soir\u00e9e d\u00e9couverte: 15 sept 19h30<br \/>\n<\/span><\/td>\n<\/tr>\n<tr style=\"height: 109px;\">\n<td style=\"height: 109px; width: 94px;\"><span style=\"font-size: 12px; font-family: helvetica, arial, sans-serif;\">Arconciel (FR)<\/span><\/td>\n<td style=\"height: 109px; width: 64px;\"><span style=\"font-size: 12px; font-family: helvetica, arial, sans-serif;\">1 oct &#8211; 26 nov<\/span><\/td>\n<td style=\"height: 109px; width: 156px;\"><span style=\"font-size: 12px; font-family: helvetica, arial, sans-serif;\">079 719 1331<\/span><\/td>\n<td style=\"height: 109px; width: 106px;\"><span style=\"font-size: 12px; font-family: helvetica, arial, sans-serif;\"><a href=\"mailto:infoelleui@gmail.com\">mail<\/a><\/span><\/td>\n<td style=\"height: 109px; width: 133px;\"><span style=\"font-size: 12px; font-family: helvetica, arial, sans-serif;\">497.-<\/span><\/td>\n<td style=\"height: 109px; width: 134px;\"><span style=\"font-size: 12px; font-family: helvetica, arial, sans-serif;\">samedi<\/span><\/td>\n<td style=\"height: 109px; width: 10px;\"><span style=\"font-size: 12px; font-family: helvetica, arial, sans-serif;\"><a href=\"http:\/\/www.infoprod.ch\/elle-et-lui\/\">Soir\u00e9e St Valentin <\/a><a href=\"http:\/\/www.infoprod\/elle-et-lui\"><br \/>\nAuberge 3 sapins<\/a><\/span><\/td>\n<\/tr>\n<\/tbody>\n<\/table>\n<p>&nbsp;<\/p>\n<p>&nbsp;<\/p>\n<p>&nbsp;<\/p>\n<p>&nbsp;<\/p>\n<p>&nbsp;<\/p>\n<p>&nbsp;<\/p>\n<p>&nbsp;<\/p>\n<p>&nbsp;<\/p>\n<p>&nbsp;<\/p>\n<p>&nbsp;<\/p>\n<p>&nbsp;<\/p>\n<p>&nbsp;<\/p>\n<p style=\"text-align: left;\"><span style=\"font-family: helvetica, arial, sans-serif; font-size: 12px;\"><strong> <\/strong><\/span><\/p>\n","protected":false},"excerpt":{"rendered":"<p>Lieu Date T\u00e9l. Courriel Prix par couple Jour Infos Nyon (VD) 8 jan &#8211; 19 f\u00e9v 079 724 49 65 mail 440.- vendredi Restaurant Articom\u00e0 Nyon Orsi\u00e8res (VS) 11 jan &#8211; 29 fev 079 444 24 01 mail 350.- lundi &hellip; <a href=\"https:\/\/ellelui.ch\/?page_id=458\">Continue reading <span class=\"meta-nav\">&rarr;<\/span><\/a><\/p>\n","protected":false},"author":2,"featured_media":0,"parent":161,"menu_order":4,"comment_status":"closed","ping_status":"closed","template":"onecolumn-page.php","meta":[],"_links":{"self":[{"href":"https:\/\/ellelui.ch\/index.php?rest_route=\/wp\/v2\/pages\/458"}],"collection":[{"href":"https:\/\/ellelui.ch\/index.php?rest_route=\/wp\/v2\/pages"}],"about":[{"href":"https:\/\/ellelui.ch\/index.php?rest_route=\/wp\/v2\/types\/page"}],"author":[{"embeddable":true,"href":"https:\/\/ellelui.ch\/index.php?rest_route=\/wp\/v2\/users\/2"}],"replies":[{"embeddable":true,"href":"https:\/\/ellelui.ch\/index.php?rest_route=%2Fwp%2Fv2%2Fcomments&post=458"}],"version-history":[{"count":6,"href":"https:\/\/ellelui.ch\/index.php?rest_route=\/wp\/v2\/pages\/458\/revisions"}],"predecessor-version":[{"id":670,"href":"https:\/\/ellelui.ch\/index.php?rest_route=\/wp\/v2\/pages\/458\/revisions\/670"}],"up":[{"embeddable":true,"href":"https:\/\/ellelui.ch\/index.php?rest_route=\/wp\/v2\/pages\/161"}],"wp:attachment":[{"href":"https:\/\/ellelui.ch\/index.php?rest_route=%2Fwp%2Fv2%2Fmedia&parent=458"}],"curies":[{"name":"wp","href":"https:\/\/api.w.org\/{rel}","templated":true}]}}