{"id":389,"date":"2014-11-03T10:57:28","date_gmt":"2014-11-03T10:57:28","guid":{"rendered":"http:\/\/www.ellelui.ch\/?page_id=389"},"modified":"2019-12-07T16:35:39","modified_gmt":"2019-12-07T16:35:39","slug":"soirees-2015","status":"publish","type":"page","link":"https:\/\/ellelui.ch\/?page_id=389","title":{"rendered":"Soir\u00e9es 2015"},"content":{"rendered":"<table style=\"width: 587.867px; height: 440px;\" border=\"0\" align=\"left\">\n<thead>\n<tr valign=\"middle\">\n<td style=\"width: 10px;\"><span style=\"color: #000080; font-size: 12px; font-family: helvetica, arial, sans-serif;\">Lieu<br \/>\n<\/span><\/td>\n<td style=\"width: 195px;\"><span style=\"color: #000080; font-size: 12px; font-family: helvetica, arial, sans-serif;\">Date<br \/>\n<\/span><\/td>\n<td style=\"width: 47px;\"><span style=\"color: #000080; font-size: 12px; font-family: helvetica, arial, sans-serif;\">T\u00e9l<\/span><\/td>\n<td style=\"width: 159px;\"><span style=\"color: #000080; font-size: 12px; font-family: helvetica, arial, sans-serif;\">Courriel<\/span><\/td>\n<td style=\"width: 162px;\"><span style=\"font-size: 12px; font-family: helvetica, arial, sans-serif;\"><span style=\"color: #000080;\">Prix <\/span>par couple<\/span><\/td>\n<td style=\"width: 10px;\"><span style=\"color: #000080; font-size: 12px; font-family: helvetica, arial, sans-serif;\">Jour<\/span><\/td>\n<td style=\"width: 10px;\"><span style=\"color: #000080; font-size: 12px; font-family: helvetica, arial, sans-serif;\">Infos<\/span><\/td>\n<\/tr>\n<\/thead>\n<tbody>\n<tr>\n<td style=\"width: 10px;\"><span style=\"font-size: 12px; font-family: helvetica, arial, sans-serif;\">Orsi\u00e8res (VS)<\/span><\/td>\n<td style=\"width: 195px;\"><span style=\"font-size: 12px; font-family: helvetica, arial, sans-serif;\">19 jan-9 mars<\/span><\/td>\n<td style=\"width: 47px;\"><span style=\"font-size: 12px; font-family: helvetica, arial, sans-serif;\">079.44.42.401<br \/>\n<\/span><\/td>\n<td style=\"width: 159px;\"><span style=\"font-size: 12px; font-family: helvetica, arial, sans-serif;\"><a href=\"mailto:casimir.gabioud@paroisse-orsieres.ch\">mail<\/a><\/span><\/td>\n<td style=\"width: 162px;\"><span style=\"font-size: 12px; font-family: helvetica, arial, sans-serif;\">350.-<\/span><\/td>\n<td style=\"width: 10px;\"><span style=\"font-size: 12px; font-family: helvetica, arial, sans-serif;\">lundi<\/span><\/td>\n<td style=\"width: 10px;\"><span style=\"font-size: 12px; font-family: helvetica, arial, sans-serif;\">Auberge de la place, Orsi\u00e8res<\/span><\/td>\n<\/tr>\n<tr>\n<td style=\"width: 10px;\"><span style=\"font-size: 12px; font-family: helvetica, arial, sans-serif;\">Echenevex<\/span><\/p>\n<p><span style=\"font-size: 12px; font-family: helvetica, arial, sans-serif;\">(France)<\/span><\/td>\n<td style=\"width: 195px;\"><span style=\"font-size: 12px; font-family: helvetica, arial, sans-serif;\">5 f\u00e9vrier<\/span><\/td>\n<td style=\"width: 47px;\"><span style=\"font-size: 12px; font-family: helvetica, arial, sans-serif;\">04.50.42.30.11 <\/span><\/td>\n<td style=\"width: 159px;\"><span style=\"font-size: 12px; font-family: helvetica, arial, sans-serif;\"><a href=\"mailto:cessy.elleetlui@gmail.com\">mail<\/a><\/span><\/td>\n<td style=\"width: 162px;\"><span style=\"font-size: 12px; font-family: helvetica, arial, sans-serif;\">libre participation aux frais<\/span><\/td>\n<td style=\"width: 10px;\"><span style=\"font-size: 12px; font-family: helvetica, arial, sans-serif;\">jeudi<\/span><\/td>\n<td style=\"width: 10px;\"><span style=\"font-family: helvetica, arial, sans-serif; font-size: 12px;\"> [F\u00eate de la Saint Valentin|salle communale de la Chenaille, rte de la Chenaille, F-01170 Echenevex, de 19h \u00e0 22h]<\/span><\/td>\n<\/tr>\n<tr>\n<td style=\"width: 10px;\"><span style=\"font-size: 12px; font-family: helvetica, arial, sans-serif;\">Gen\u00e8ve (GE)<br \/>\n<\/span><\/td>\n<td style=\"width: 195px;\"><span style=\"font-size: 12px; font-family: helvetica, arial, sans-serif;\">5 f\u00e9vrier<br \/>\n<\/span><\/td>\n<td style=\"width: 47px;\"><span style=\"font-size: 12px; font-family: helvetica, arial, sans-serif;\">022.733.18.33 <\/span><\/td>\n<td style=\"width: 159px;\"><span style=\"font-size: 12px; font-family: helvetica, arial, sans-serif;\"><a href=\"mailto:secretariat@eea-geneve.ch\">mail<br \/>\n<\/a><\/span><\/td>\n<td style=\"width: 162px;\"><span style=\"font-size: 12px; font-family: helvetica, arial, sans-serif;\">330.-<br \/>\n<\/span><\/td>\n<td style=\"width: 10px;\"><span style=\"font-size: 12px; font-family: helvetica, arial, sans-serif;\">jeudi<br \/>\n<\/span><\/td>\n<td style=\"width: 10px;\"><span style=\"font-family: helvetica, arial, sans-serif; font-size: 12px;\"> [Centre Chr\u00e9tien du Bouchet|Carrefour du Bouchet 4, 1209 Geneve, de 19h \u00e0 22h]<\/span><\/td>\n<\/tr>\n<tr>\n<td style=\"width: 10px;\"><span style=\"font-size: 12px; font-family: helvetica, arial, sans-serif;\">Conthey (VS)<\/span><\/td>\n<td style=\"width: 195px;\"><span style=\"font-size: 12px; font-family: helvetica, arial, sans-serif;\">f\u00e9vrier<\/span><\/td>\n<td style=\"width: 47px;\"><span style=\"font-size: 12px; font-family: helvetica, arial, sans-serif;\">079.103.43.05<\/span><\/td>\n<td style=\"width: 159px;\"><span style=\"font-size: 12px; font-family: helvetica, arial, sans-serif;\"><a href=\"mailto:pmebeeusaert@bluewin.ch\">mail<\/a><\/span><\/td>\n<td style=\"width: 162px;\"><span style=\"font-size: 12px; font-family: helvetica, arial, sans-serif;\">*<\/span><\/td>\n<td style=\"width: 10px;\"><span style=\"font-size: 12px; font-family: helvetica, arial, sans-serif;\">*<\/span><\/td>\n<td style=\"width: 10px;\"><span style=\"font-size: 12px; font-family: helvetica, arial, sans-serif;\">Restaurant de la gare<\/span><\/td>\n<\/tr>\n<tr>\n<td style=\"width: 10px;\"><span style=\"font-size: 12px; font-family: helvetica, arial, sans-serif;\">Echenevex (F)<\/span><\/td>\n<td style=\"width: 195px;\"><span style=\"font-size: 12px; font-family: helvetica, arial, sans-serif;\">5 mars<\/span><\/td>\n<td style=\"width: 47px;\"><span style=\"font-size: 12px; font-family: helvetica, arial, sans-serif;\">045.042.30.11<\/span><\/td>\n<td style=\"width: 159px;\"><span style=\"font-size: 12px; font-family: helvetica, arial, sans-serif;\"><a href=\"mailto:cessy.elleetlui@gmail.com\">mail<\/a><\/span><\/td>\n<td style=\"width: 162px;\"><span style=\"font-size: 12px; font-family: helvetica, arial, sans-serif;\">150\u20ac<\/span><\/td>\n<td style=\"width: 10px;\"><span style=\"font-size: 12px; font-family: helvetica, arial, sans-serif;\">jeudi<\/span><\/td>\n<td style=\"width: 10px;\"><span style=\"font-size: 12px; font-family: helvetica, arial, sans-serif;\">*<\/span><\/td>\n<\/tr>\n<tr>\n<td style=\"width: 10px;\"><span style=\"font-size: 12px; font-family: helvetica, arial, sans-serif;\">Cr\u00eat-B\u00e9rard (VD<\/span><\/td>\n<td style=\"width: 195px;\"><span style=\"font-size: 12px; font-family: helvetica, arial, sans-serif;\">20 avril<br \/>\n<\/span><\/td>\n<td style=\"width: 47px;\"><span style=\"font-size: 12px; font-family: helvetica, arial, sans-serif;\">021.946.03.60<\/span><\/td>\n<td style=\"width: 159px;\"><span style=\"font-size: 12px; font-family: helvetica, arial, sans-serif;\"><a title=\"Inscription soir\u00e9es E&amp;L\" href=\"mailto:alain.monnard@cret-berard.ch\">mail<\/a><\/span><\/td>\n<td style=\"width: 162px;\"><span style=\"font-size: 12px; font-family: helvetica, arial, sans-serif;\">Soir\u00e9e de pr\u00e9sentation<br \/>\n<\/span><\/td>\n<td style=\"width: 10px;\"><span style=\"font-size: 12px; font-family: helvetica, arial, sans-serif;\">lundi<br \/>\n<\/span><\/td>\n<td style=\"width: 10px;\"><span style=\"font-size: 12px; font-family: helvetica, arial, sans-serif;\"><a href=\"http:\/\/www.cretberard.ch\">Cr\u00eat-B\u00e9rard<\/a>:\u00a0<a href=\"http:\/\/www.ellelui.ch\/files\/Elle&amp;Lui.2015CretB%C3%A9rard2b.pdf\">Prospectus<\/a><\/span><\/td>\n<\/tr>\n<tr>\n<td style=\"width: 10px;\"><span style=\"font-size: 12px; font-family: helvetica, arial, sans-serif;\">Sion (VS)<br \/>\n<\/span><\/td>\n<td style=\"width: 195px;\"><span style=\"font-size: 12px; font-family: helvetica, arial, sans-serif;\">24 avril<br \/>\n<\/span><\/td>\n<td style=\"width: 47px;\"><span style=\"font-size: 12px; font-family: helvetica, arial, sans-serif;\">079 103 43 05<br \/>\n<\/span><\/td>\n<td style=\"width: 159px;\"><span style=\"font-size: 12px; font-family: helvetica, arial, sans-serif;\"><a title=\"Inscription soir\u00e9es E&amp;L\" href=\"mailto:pmebeeusaert@bluewin.ch\">mail<br \/>\n<\/a><\/span><\/td>\n<td style=\"width: 162px;\"><span style=\"font-size: 12px; font-family: helvetica, arial, sans-serif;\">392.-<br \/>\n<\/span><\/td>\n<td style=\"width: 10px;\"><span style=\"font-size: 12px; font-family: helvetica, arial, sans-serif;\">vendredi<br \/>\n<\/span><\/td>\n<td style=\"width: 10px;\"><span style=\"font-size: 12px; font-family: helvetica, arial, sans-serif;\"><a href=\"http:\/\/www.hotel-castel.ch\/crbst_1.html\">H\u00f4tel Castle, Sion<br \/>\n<\/a><\/span><\/td>\n<\/tr>\n<tr>\n<td style=\"width: 10px;\"><span style=\"font-size: 12px; font-family: helvetica, arial, sans-serif;\">Cr\u00eat-B\u00e9rard (VD)<\/span><\/td>\n<td style=\"width: 195px;\"><span style=\"font-size: 12px; font-family: helvetica, arial, sans-serif;\">4 mai &#8211; 22 juin<\/span><\/td>\n<td style=\"width: 47px;\"><span style=\"font-size: 12px; font-family: helvetica, arial, sans-serif;\">021.94.03.60<\/span><\/td>\n<td style=\"width: 159px;\"><span style=\"font-size: 12px; font-family: helvetica, arial, sans-serif;\"><a title=\"Inscription soir\u00e9es E&amp;L\" href=\"mailto:alain.monnard@cret-berard.ch\">mail<\/a><\/span><\/td>\n<td style=\"width: 162px;\"><span style=\"font-size: 12px; font-family: helvetica, arial, sans-serif;\">390.-<\/span><\/td>\n<td style=\"width: 10px;\"><span style=\"font-size: 12px; font-family: helvetica, arial, sans-serif;\">lundi<\/span><\/td>\n<td style=\"width: 10px;\"><span style=\"font-size: 12px; font-family: helvetica, arial, sans-serif;\"><a href=\"http:\/\/www.cretberard.ch\">Cr\u00eat-B\u00e9rard<\/a>: <a href=\"http:\/\/www.ellelui.ch\/files\/Elle&amp;Lui.2015CretB%C3%A9rard2b.pdf\">Prospectus<\/a> <\/span><\/td>\n<\/tr>\n<tr>\n<td style=\"width: 10px;\"><span style=\"font-size: 12px; font-family: helvetica, arial, sans-serif;\">Fleurier (NE)<\/span><\/td>\n<td style=\"width: 195px;\"><span style=\"font-size: 12px; font-family: helvetica, arial, sans-serif;\">25 ao\u00fbt-17 nov<\/span><\/td>\n<td style=\"width: 47px;\"><span style=\"font-size: 12px; font-family: helvetica, arial, sans-serif;\">079.342.87.49<\/span><\/td>\n<td style=\"width: 159px;\"><span style=\"font-size: 12px; font-family: helvetica, arial, sans-serif;\"><a href=\"mailto:valery.gonin@gmail.com\">mail<\/a><\/span><\/td>\n<td style=\"width: 162px;\"><span style=\"font-size: 12px; font-family: helvetica, arial, sans-serif;\">350.-<\/span><\/td>\n<td style=\"width: 10px;\"><span style=\"font-size: 12px; font-family: helvetica, arial, sans-serif;\">mardi<\/span><\/td>\n<td style=\"width: 10px;\"><span style=\"font-size: 12px; font-family: helvetica, arial, sans-serif;\">Restaurant <a href=\"http:\/\/www.pizzafun.ch\/\">Pizza fun<\/a><\/span><\/td>\n<\/tr>\n<tr>\n<td style=\"width: 10px;\"><span style=\"font-size: 12px; font-family: helvetica, arial, sans-serif;\">Soir\u00e9e de pr\u00e9sentation (F)<br \/>\n<\/span><\/td>\n<td style=\"width: 195px;\"><span style=\"font-size: 12px; font-family: helvetica, arial, sans-serif;\">17 sept<br \/>\n<\/span><\/td>\n<td style=\"width: 47px;\"><span style=\"font-size: 12px; font-family: helvetica, arial, sans-serif;\">033450423011<\/span><\/td>\n<td style=\"width: 159px;\"><span style=\"font-size: 12px; font-family: helvetica, arial, sans-serif;\"><a href=\"mailto:alphacouple.paysdegex@gmail.com\">mail<br \/>\n<\/a><\/span><\/td>\n<td style=\"width: 162px;\"><span style=\"font-size: 12px; font-family: helvetica, arial, sans-serif;\">Offert<br \/>\n<\/span><\/td>\n<td style=\"width: 10px;\"><span style=\"font-size: 12px; font-family: helvetica, arial, sans-serif;\">jeudi<br \/>\n<\/span><\/td>\n<td style=\"width: 10px;\"><span style=\"font-size: 12px; font-family: helvetica, arial, sans-serif;\">[Ap\u00e9ro-Buffet|Salle communal de la Chenaille, Echnevex, France]<\/span><\/td>\n<\/tr>\n<tr>\n<td style=\"width: 10px;\"><span style=\"font-size: 12px; font-family: helvetica, arial, sans-serif;\">Sion (VS)<br \/>\n<\/span><\/td>\n<td style=\"width: 195px;\"><span style=\"font-size: 12px; font-family: helvetica, arial, sans-serif;\">29 sept &#8211; 1 d\u00e9c<br \/>\n<\/span><\/td>\n<td style=\"width: 47px;\"><span style=\"font-size: 12px; font-family: helvetica, arial, sans-serif;\">0791034305<br \/>\n<\/span><\/td>\n<td style=\"width: 159px;\"><span style=\"font-size: 12px; font-family: helvetica, arial, sans-serif;\"><a href=\"mailto:pmebeeusaert@bluewin.ch\">mail<br \/>\n<\/a><\/span><\/td>\n<td style=\"width: 162px;\"><span style=\"font-size: 12px; font-family: helvetica, arial, sans-serif;\">400.-<br \/>\n<\/span><\/td>\n<td style=\"width: 10px;\"><span style=\"font-size: 12px; font-family: helvetica, arial, sans-serif;\">mardi<br \/>\n<\/span><\/td>\n<td style=\"width: 10px;\"><span style=\"font-size: 12px; font-family: helvetica, arial, sans-serif;\">Restaurant <a href=\"http:\/\/www.hotel-castel.ch\/crbst_1.html\">le Caste<\/a>l, Sion<br \/>\n<\/span><\/td>\n<\/tr>\n<tr>\n<td style=\"width: 10px;\"><span style=\"font-size: 12px; font-family: helvetica, arial, sans-serif;\">Echenevex (F)<br \/>\n<\/span><\/td>\n<td style=\"width: 195px;\"><span style=\"font-size: 12px; font-family: helvetica, arial, sans-serif;\">1 oct &#8211; 10 d\u00e9c<br \/>\n<\/span><\/td>\n<td style=\"width: 47px;\"><span style=\"font-size: 12px; font-family: helvetica, arial, sans-serif;\">033450423011<\/span><\/td>\n<td style=\"width: 159px;\"><span style=\"font-size: 12px; font-family: helvetica, arial, sans-serif;\"><a href=\"mailto:alphacouple.paysdegex@gmail.com\">mail<br \/>\n<\/a><\/span><\/td>\n<td style=\"width: 162px;\"><span style=\"font-size: 12px; font-family: helvetica, arial, sans-serif;\">\u20ac150.-<br \/>\n<\/span><\/td>\n<td style=\"width: 10px;\"><span style=\"font-size: 12px; font-family: helvetica, arial, sans-serif;\">jeudi<br \/>\n<\/span><\/td>\n<td style=\"width: 10px;\"><span style=\"font-size: 12px; font-family: helvetica, arial, sans-serif;\">Salle communal de la Chenaille, Echnevex, Franc<\/span><\/td>\n<\/tr>\n<tr>\n<td style=\"width: 10px;\"><span style=\"font-size: 12px; font-family: helvetica, arial, sans-serif;\">Fribourg (FR)<br \/>\n<\/span><\/td>\n<td style=\"width: 195px;\"><span style=\"font-size: 12px; font-family: helvetica, arial, sans-serif;\">3 oct &#8211; 28 nov<br \/>\n<\/span><\/td>\n<td style=\"width: 47px;\"><span style=\"font-size: 12px; font-family: helvetica, arial, sans-serif;\">079 719 13 31 <\/span><\/td>\n<td style=\"width: 159px;\"><span style=\"font-size: 12px; font-family: helvetica, arial, sans-serif;\"><a href=\"mailto:infoellelui@gmail.com\">mail<br \/>\n<\/a><\/span><\/td>\n<td style=\"width: 162px;\"><span style=\"font-size: 12px; font-family: helvetica, arial, sans-serif;\">497.-<br \/>\n<\/span><\/td>\n<td style=\"width: 10px;\"><span style=\"font-size: 12px; font-family: helvetica, arial, sans-serif;\">samedi<br \/>\n<\/span><\/td>\n<td style=\"width: 10px;\"><span style=\"font-size: 12px; font-family: helvetica, arial, sans-serif;\">Auberge des Trois Sapins, 1732 Arconciel <\/span><\/td>\n<\/tr>\n<tr>\n<td style=\"width: 10px;\"><\/td>\n<td style=\"width: 195px;\"><\/td>\n<td style=\"width: 47px;\"><span style=\"font-size: 12px; font-family: helvetica, arial, sans-serif;\"> <\/span><\/td>\n<td style=\"width: 159px;\"><span style=\"font-family: helvetica, arial, sans-serif; font-size: 12px;\"><a href=\"mailto:valery.gonin@gmail.com\">\u00a0<\/a><\/span><\/td>\n<td style=\"width: 162px;\"><span style=\"font-family: helvetica, arial, sans-serif; font-size: 12px;\">* <span style=\"background-color: #808080;\">information en attente<\/span><\/span><\/td>\n<td style=\"width: 10px;\"><\/td>\n<td style=\"width: 10px;\"><\/td>\n<\/tr>\n<tr>\n<td style=\"width: 10px;\"><\/td>\n<td style=\"width: 195px;\"><\/td>\n<td style=\"width: 47px;\"><\/td>\n<td style=\"width: 159px;\"><\/td>\n<td style=\"width: 162px;\"><\/td>\n<td style=\"width: 10px;\"><\/td>\n<td style=\"width: 10px;\"><\/td>\n<\/tr>\n<tr>\n<td style=\"width: 10px;\"><\/td>\n<td style=\"width: 195px;\"><\/td>\n<td style=\"width: 47px;\"><\/td>\n<td style=\"width: 159px;\"><\/td>\n<td style=\"width: 162px;\"><\/td>\n<td style=\"width: 10px;\"><\/td>\n<td style=\"width: 10px;\"><\/td>\n<\/tr>\n<tr>\n<td style=\"width: 10px;\"><\/td>\n<td style=\"width: 195px;\"><\/td>\n<td style=\"width: 47px;\"><\/td>\n<td style=\"width: 159px;\"><\/td>\n<td style=\"width: 162px;\"><\/td>\n<td style=\"width: 10px;\"><\/td>\n<td style=\"width: 10px;\"><\/td>\n<\/tr>\n<tr>\n<td style=\"width: 10px;\"><\/td>\n<td style=\"width: 195px;\"><\/td>\n<td style=\"width: 47px;\"><\/td>\n<td style=\"width: 159px;\"><\/td>\n<td style=\"width: 162px;\"><\/td>\n<td style=\"width: 10px;\"><\/td>\n<td style=\"width: 10px;\"><\/td>\n<\/tr>\n<tr>\n<td style=\"width: 10px;\"><\/td>\n<td style=\"width: 195px;\"><\/td>\n<td style=\"width: 47px;\"><span style=\"font-size: 12px; font-family: helvetica, arial, sans-serif;\">\u00a0<\/span><\/td>\n<td style=\"width: 159px;\"><span style=\"font-family: helvetica, arial, sans-serif; font-size: 12px;\"><a href=\"mailto:buis@eelg.ch\">\u00a0<\/a><\/span><\/td>\n<td style=\"width: 162px;\"><span style=\"font-family: helvetica, arial, sans-serif; font-size: 12px;\"><strong><a class=\"maxbutton-1 maxbutton maxbutton-inscription\" target=\"_blank\" rel=\"noopener\" href=\"\/?page_id=161\"><span class='mb-text'>Inscription<\/span><\/a><\/strong><\/span><\/td>\n<td style=\"width: 10px;\"><\/td>\n<td style=\"width: 10px;\"><span style=\"font-family: helvetica, arial, sans-serif; font-size: 12px;\"><strong><a class=\"maxbutton-2 maxbutton maxbutton-archive\" target=\"_blank\" rel=\"noopener\" href=\"\/?page_id=161\"><span class='mb-text'>Archive<\/span><\/a><\/strong><\/span><\/td>\n<\/tr>\n<tr>\n<td style=\"width: 10px;\"><\/td>\n<td style=\"width: 195px;\"><\/td>\n<td style=\"width: 47px;\"><\/td>\n<td style=\"width: 159px;\"><\/td>\n<td style=\"width: 162px;\"><\/td>\n<td style=\"width: 10px;\"><\/td>\n<td style=\"width: 10px;\"><\/td>\n<\/tr>\n<tr>\n<td style=\"width: 10px;\"><\/td>\n<td style=\"width: 195px;\"><\/td>\n<td style=\"width: 47px;\"><\/td>\n<td style=\"width: 159px;\"><\/td>\n<td style=\"width: 162px;\"><\/td>\n<td style=\"width: 10px;\"><\/td>\n<td style=\"width: 10px;\"><\/td>\n<\/tr>\n<\/tbody>\n<\/table>\n<p>&nbsp;<\/p>\n<p>&nbsp;<\/p>\n<p>&nbsp;<\/p>\n<p>&nbsp;<\/p>\n<p>&nbsp;<\/p>\n<p>&nbsp;<\/p>\n<p>&nbsp;<\/p>\n<p>&nbsp;<\/p>\n<p>&nbsp;<\/p>\n<p>&nbsp;<\/p>\n<p>&nbsp;<\/p>\n<p>&nbsp;<\/p>\n<p style=\"text-align: left;\"><span style=\"font-family: helvetica, arial, sans-serif; font-size: 12px;\"><strong> <\/strong><\/span><\/p>\n","protected":false},"excerpt":{"rendered":"<p>Lieu Date T\u00e9l Courriel Prix par couple Jour Infos Orsi\u00e8res (VS) 19 jan-9 mars 079.44.42.401 mail 350.- lundi Auberge de la place, Orsi\u00e8res Echenevex (France) 5 f\u00e9vrier 04.50.42.30.11 mail libre participation aux frais jeudi [F\u00eate de la Saint Valentin|salle communale &hellip; <a href=\"https:\/\/ellelui.ch\/?page_id=389\">Continue reading <span class=\"meta-nav\">&rarr;<\/span><\/a><\/p>\n","protected":false},"author":2,"featured_media":0,"parent":161,"menu_order":5,"comment_status":"closed","ping_status":"closed","template":"onecolumn-page.php","meta":[],"_links":{"self":[{"href":"https:\/\/ellelui.ch\/index.php?rest_route=\/wp\/v2\/pages\/389"}],"collection":[{"href":"https:\/\/ellelui.ch\/index.php?rest_route=\/wp\/v2\/pages"}],"about":[{"href":"https:\/\/ellelui.ch\/index.php?rest_route=\/wp\/v2\/types\/page"}],"author":[{"embeddable":true,"href":"https:\/\/ellelui.ch\/index.php?rest_route=\/wp\/v2\/users\/2"}],"replies":[{"embeddable":true,"href":"https:\/\/ellelui.ch\/index.php?rest_route=%2Fwp%2Fv2%2Fcomments&post=389"}],"version-history":[{"count":8,"href":"https:\/\/ellelui.ch\/index.php?rest_route=\/wp\/v2\/pages\/389\/revisions"}],"predecessor-version":[{"id":678,"href":"https:\/\/ellelui.ch\/index.php?rest_route=\/wp\/v2\/pages\/389\/revisions\/678"}],"up":[{"embeddable":true,"href":"https:\/\/ellelui.ch\/index.php?rest_route=\/wp\/v2\/pages\/161"}],"wp:attachment":[{"href":"https:\/\/ellelui.ch\/index.php?rest_route=%2Fwp%2Fv2%2Fmedia&parent=389"}],"curies":[{"name":"wp","href":"https:\/\/api.w.org\/{rel}","templated":true}]}}