{"id":149,"date":"2012-04-10T05:05:14","date_gmt":"2012-04-10T05:05:14","guid":{"rendered":"http:\/\/localhost\/ellelui\/?page_id=2"},"modified":"2019-12-07T14:14:32","modified_gmt":"2019-12-07T14:14:32","slug":"sample-page-2","status":"publish","type":"page","link":"https:\/\/ellelui.ch\/","title":{"rendered":"Home"},"content":{"rendered":"<h2 style=\"text-align: center;\">Bienvenue sur le site des soir\u00e9es <span style=\"color: #333399;\"><em><br \/>\nElle&amp;Lui, un couple \u00e7a se construit<\/em><\/span>.<\/h2>\n<h2 style=\"text-align: center;\">Que vous ayez envie de suivre les soir\u00e9es<br \/>\nou que vous envisagiez d&#8217;en organiser,<br \/>\nvous y trouverez les informations n\u00e9cessaires.<\/h2>\n","protected":false},"excerpt":{"rendered":"<p>Bienvenue sur le site des soir\u00e9es Elle&amp;Lui, un couple \u00e7a se construit. Que vous ayez envie de suivre les soir\u00e9es ou que vous envisagiez d&#8217;en organiser, vous y trouverez les informations n\u00e9cessaires.<\/p>\n","protected":false},"author":2,"featured_media":0,"parent":0,"menu_order":0,"comment_status":"closed","ping_status":"closed","template":"","meta":[],"_links":{"self":[{"href":"https:\/\/ellelui.ch\/index.php?rest_route=\/wp\/v2\/pages\/149"}],"collection":[{"href":"https:\/\/ellelui.ch\/index.php?rest_route=\/wp\/v2\/pages"}],"about":[{"href":"https:\/\/ellelui.ch\/index.php?rest_route=\/wp\/v2\/types\/page"}],"author":[{"embeddable":true,"href":"https:\/\/ellelui.ch\/index.php?rest_route=\/wp\/v2\/users\/2"}],"replies":[{"embeddable":true,"href":"https:\/\/ellelui.ch\/index.php?rest_route=%2Fwp%2Fv2%2Fcomments&post=149"}],"version-history":[{"count":2,"href":"https:\/\/ellelui.ch\/index.php?rest_route=\/wp\/v2\/pages\/149\/revisions"}],"predecessor-version":[{"id":589,"href":"https:\/\/ellelui.ch\/index.php?rest_route=\/wp\/v2\/pages\/149\/revisions\/589"}],"wp:attachment":[{"href":"https:\/\/ellelui.ch\/index.php?rest_route=%2Fwp%2Fv2%2Fmedia&parent=149"}],"curies":[{"name":"wp","href":"https:\/\/api.w.org\/{rel}","templated":true}]}}